{"id":415,"date":"2025-01-08T13:20:52","date_gmt":"2025-01-08T12:20:52","guid":{"rendered":"https:\/\/abdellawi.com\/?post_type=product&#038;p=415"},"modified":"2025-01-08T13:20:52","modified_gmt":"2025-01-08T12:20:52","slug":"tube-bargataire","status":"publish","type":"product","link":"https:\/\/abdellawitn.com\/?product=tube-bargataire","title":{"rendered":"Tube bargataire"},"content":{"rendered":"<p>Un <strong>tube Bargataire agricole<\/strong> d\u00e9signe un <strong>syst\u00e8me hydraulique<\/strong> utilis\u00e9 principalement dans l&rsquo;irrigation agricole. Il permet le <strong>contr\u00f4le et la distribution de l&rsquo;eau<\/strong> dans des parcelles agricoles, en canalisant et en r\u00e9gulant le d\u00e9bit d&rsquo;eau de mani\u00e8re efficace.<\/p>\n<h3><strong>Caract\u00e9ristiques principales<\/strong> :<\/h3>\n<ol>\n<li><strong>Structure<\/strong> :\n<ul>\n<li>G\u00e9n\u00e9ralement fabriqu\u00e9 en PVC, poly\u00e9thyl\u00e8ne ou m\u00e9tal (acier galvanis\u00e9) pour r\u00e9sister aux conditions environnementales et \u00e0 l&rsquo;humidit\u00e9.<\/li>\n<li>\u00c9quip\u00e9 de sorties ou de vannes permettant de lib\u00e9rer l&rsquo;eau \u00e0 des points sp\u00e9cifiques.<\/li>\n<\/ul>\n<\/li>\n<li><strong>Usage<\/strong> :\n<ul>\n<li>Acheminer l\u2019eau depuis une source (puits, rivi\u00e8re, bassin, etc.) vers les parcelles agricoles.<\/li>\n<li>Distribuer l&rsquo;eau de mani\u00e8re uniforme gr\u00e2ce \u00e0 des vannes de r\u00e9glage.<\/li>\n<\/ul>\n<\/li>\n<li><strong>Conception modulaire<\/strong> :\n<ul>\n<li>Les tubes peuvent \u00eatre <strong>assembl\u00e9s ou \u00e9tendus<\/strong> en fonction des besoins sp\u00e9cifiques du terrain.<\/li>\n<li>Compatibles avec diff\u00e9rents types de vannes (vannes manuelles, automatiques, etc.).<\/li>\n<\/ul>\n<\/li>\n<\/ol>\n<hr \/>\n<h3><strong>Applications agricoles<\/strong> :<\/h3>\n<ol>\n<li><strong>Irrigation gravitaire<\/strong> :\n<ul>\n<li>Utilis\u00e9 pour guider l&rsquo;eau par simple gravit\u00e9 vers les cultures.<\/li>\n<\/ul>\n<\/li>\n<li><strong>Arrosage en goutte-\u00e0-goutte ou aspersion<\/strong> :\n<ul>\n<li>Dans des syst\u00e8mes plus modernes, les tubes Bargataires peuvent se connecter \u00e0 des dispositifs de distribution plus sophistiqu\u00e9s.<\/li>\n<\/ul>\n<\/li>\n<li><strong>Drainage<\/strong> :\n<ul>\n<li>Parfois utilis\u00e9s pour \u00e9vacuer l&rsquo;eau exc\u00e9dentaire des parcelles.<\/li>\n<\/ul>\n<\/li>\n<\/ol>\n","protected":false},"excerpt":{"rendered":"<p>Un <strong>tube Bargataire agricole<\/strong> d\u00e9signe un <strong>syst\u00e8me hydraulique<\/strong> utilis\u00e9 principalement dans l&rsquo;irrigation agricole. Il permet le <strong>contr\u00f4le et la distribution de l&rsquo;eau<\/strong> dans des parcelles agricoles, en canalisant et en r\u00e9gulant le d\u00e9bit d&rsquo;eau de mani\u00e8re efficace.<\/p>\n","protected":false},"featured_media":417,"comment_status":"open","ping_status":"closed","template":"","meta":[],"product_brand":[],"product_cat":[20],"product_tag":[],"class_list":{"0":"post-415","1":"product","2":"type-product","3":"status-publish","4":"has-post-thumbnail","6":"product_cat-tuyaux-bargataire-gout-a-gout","8":"first","9":"instock","10":"shipping-taxable","11":"product-type-simple"},"jetpack_sharing_enabled":true,"_links":{"self":[{"href":"https:\/\/abdellawitn.com\/index.php?rest_route=\/wp\/v2\/product\/415","targetHints":{"allow":["GET"]}}],"collection":[{"href":"https:\/\/abdellawitn.com\/index.php?rest_route=\/wp\/v2\/product"}],"about":[{"href":"https:\/\/abdellawitn.com\/index.php?rest_route=\/wp\/v2\/types\/product"}],"replies":[{"embeddable":true,"href":"https:\/\/abdellawitn.com\/index.php?rest_route=%2Fwp%2Fv2%2Fcomments&post=415"}],"wp:featuredmedia":[{"embeddable":true,"href":"https:\/\/abdellawitn.com\/index.php?rest_route=\/wp\/v2\/media\/417"}],"wp:attachment":[{"href":"https:\/\/abdellawitn.com\/index.php?rest_route=%2Fwp%2Fv2%2Fmedia&parent=415"}],"wp:term":[{"taxonomy":"product_brand","embeddable":true,"href":"https:\/\/abdellawitn.com\/index.php?rest_route=%2Fwp%2Fv2%2Fproduct_brand&post=415"},{"taxonomy":"product_cat","embeddable":true,"href":"https:\/\/abdellawitn.com\/index.php?rest_route=%2Fwp%2Fv2%2Fproduct_cat&post=415"},{"taxonomy":"product_tag","embeddable":true,"href":"https:\/\/abdellawitn.com\/index.php?rest_route=%2Fwp%2Fv2%2Fproduct_tag&post=415"}],"curies":[{"name":"wp","href":"https:\/\/api.w.org\/{rel}","templated":true}]}}